?
7
What is the units digit of 4438?
8
What is the units digit of 6163?
3
What is the thousands digit of 40671?
0
What is the thousands digit of 3533?
3
What is the hundreds digit of 863?
8
What is the thousands digit of 68521?
8
What is the units digit of 17?
7
What is the units digit of 34187?
7
What is the tens digit of 45765?
6
What is the tens digit of 908?
0
What is the units digit of 57035?
5
What is the thousands digit of 3481?
3
What is the hundreds digit of 17034?
0
What is the hundreds digit of 1579?
5
What is the units digit of 3367?
7
What is the thousands digit of 44893?
4
What is the tens digit of 3847?
4
What is the tens digit of 1962?
6
What is the thousands digit of 5881?
5
What is the units digit of 15?
5
What is the hundred thousands digit of 129935?
1
What is the tens digit of 1381?
8
What is the thousands digit of 1595?
1
What is the tens digit of 638?
3
What is the ten thousands digit of 93743?
9
What is the thousands digit of 1919?
1
What is the hundreds digit of 38633?
6
What is the tens digit of 2892?
9
What is the hundreds digit of 8569?
5
What is the thousands digit of 113765?
3
What is the tens digit of 2077?
7
What is the units digit of 65602?
2
What is the hundreds digit of 159093?
0
What is the thousands digit of 18223?
8
What is the units digit of 752?
2
What is the tens digit of 1283?
8
What is the thousands digit of 4265?
4
What is the hundreds digit of 45656?
6
What is the units digit of 1214?
4
What is the tens digit of 9785?
8
What is the units digit of 768?
8
What is the hundreds digit of 762?
7
What is the hundreds digit of 1075?
0
What is the thousands digit of 1602?
1
What is the thousands digit of 1089?
1
What is the tens digit of 4200?
0
What is the units digit of 58865?
5
What is the tens digit of 16428?
2
What is the units digit of 52267?
7
What is the hundreds digit of 268?
2
What is the hundreds digit of 420?
4
What is the tens digit of 2071?
7
What is the hundreds digit of 7541?
5
What is the units digit of 49526?
6
What is the tens digit of 14938?
3
What is the units digit of 52418?
8
What is the tens digit of 2074?
7
What is the thousands digit of 4544?
4
What is the tens digit of 91363?
6
What is the hundreds digit of 314?
3
What is the units digit of 736?
6
What is the tens digit of 903?
0
What is the units digit of 3707?
7
What is the tens digit of 16812?
1
What is the units digit of 1236?
6
What is the units digit of 9116?
6
What is the thousands digit of 4912?
4
What is the hundreds digit of 40274?
2
What is the units digit of 5972?
2
What is the tens digit of 1486?
8
What is the thousands digit of 27169?
7
What is the ten thousands digit of 98156?
9
What is the units digit of 2447?
7
What is the hundreds digit of 501?
5
What is the units digit of 6245?
5
What is the units digit of 2475?
5
What is the ten thousands digit of 38735?
3
What is the hundreds digit of 92229?
2
What is the hundreds digit of 9131?
1
What is the tens digit of 26947?
4
What is the hundreds digit of 1768?
7
What is the tens digit of 15425?
2
What is the tens digit of 53150?
5
What is the tens digit of 4206?
0
What is the thousands digit of 25917?
5
What is the tens digit of 7969?
6
What is the units digit of 10943?
3
What is the hundreds digit of 26264?
2
What is the hundreds digit of 2556?
5
What is the ten thousands digit of 71212?
7
What is the tens digit of 9297?
9
What is the hundreds digit of 4676?
6
What is the units digit of 52305?
5
What is the thousands digit of 4031?
4
What is the units digit of 1052?
2
What is the units digit of 8836?
6
What is the ten thousands digit of 210269?
1
What is the units digit of 704?
4
What is the tens digit of 3016?
1
What is the tens digit of 25350?
5
What is the hundreds digit of 32263?
2
What is the thousands digit of 142137?
2
What is the tens digit of 19983?
8
What is the ten thousands digit of 86911?
8
What is the tens digit of 2086?
8
What is the units digit of 3861?
1
What is the hundreds digit of 32172?
1
What is the hundreds digit of 190?
1
What is the thousands digit of 2064?
2
What is the hundreds digit of 882?
8
What is the hundreds digit of 582?
5
What is the tens digit of 746?
4
What is the tens digit of 11120?
2
What is the hundreds digit of 149182?
1
What is the ten thousands digit of 14399?
1
What is the tens digit of 108787?
8
What is the units digit of 4004?
4
What is the hundreds digit of 16067?
0
What is the tens digit of 42643?
4
What is the tens digit of 15255?
5
What is the hundreds digit of 20277?
2
What is the hundreds digit of 7226?
2
What is the units digit of 559?
9
What is the units digit of 50161?
1
What is the tens digit of 2444?
4
What is the tens digit of 14456?
5
What is the hundreds digit of 34782?
7
What is the thousands digit of 1831?
1
What is the thousands digit of 2382?
2
What is the units digit of 63716?
6
What is the thousands digit of 7652?
7
What is the tens digit of 3359?
5
What is the units digit of 15758?
8
What is the hundreds digit of 6735?
7
What is the units digit of 708?
8
What is the tens digit of 703?
0
What is the tens digit of 1539?
3
What is the tens digit of 7558?
5
What is the tens digit of 807?
0
What is the hundreds digit of 2412?
4
What is the ten thousands digit of 30465?
3
What is the hundreds digit of 166910?
9
What is the thousands digit of 3251?
3
What is the hundreds digit of 832?
8
What is the thousands digit of 3877?
3
What is the thousands digit of 7454?
7
What is the tens digit of 4865?
6
What is the tens digit of 2272?
7
What is the hundreds digit of 16750?
7
What is the hundreds digit of 552?
5
What is the hundreds digit of 59506?
5
What is the tens digit of 730?
3
What is the units digit of 528?
8
What is the tens digit of 1301?
0
What is the tens digit of 403?
0
What is the units digit of 911?
1
What is the hundreds digit of 7125?
1
What is the thousands digit of 51527?
1
What is the tens digit of 58727?
2
What is the hundreds digit of 1040?
0
What is the hundreds digit of 2505?
5
What is the tens digit of 97?
9
What is the tens digit of 1429?
2
What is the ten thousands digit of 11597?
1
What is the units digit of 98563?
3
What is the hundreds digit of 7931?
9
What is the tens digit of 67?
6
What is the hundreds digit of 1940?
9
What is the tens digit of 32462?
6
What is the hundreds digit of 8856?
8
What is the thousands digit of 9256?
9
What is the hundreds digit of 26770?
7
What is the hundred thousands digit of 174651?
1
What is the tens digit of 44229?
2
What is the units digit of 1892?
2
What is the units digit of 836?
6
What is the hundreds digit of 158366?
3
What is the hundreds digit of 492?
4
What is the tens digit of 4154?
5
What is the hundreds digit of 64053?
0
What is the units digit of 1260?
0
What is the hundreds digit of 46480?
4
What is the tens digit of 810?
1
What is the thousands digit of 2017?
2
What is the units digit of 376?
6
What is the tens digit of 717?
1
What is the tens digit of 3850?
5
What is the tens digit of 8335?
3
What is the hundreds digit of 2844?
8
What is the hundreds digit of 15350?
3
What is the hundreds digit of 396?
3
What is the hundreds digit of 1309?
3
What is the tens digit of 80165?
6
What is the tens digit of 13114?
1
What is the thousands digit of 8851?
8
What is the hundreds digit of 963?
9
What is the hundreds digit of 1616?
6
What is the hundreds digit of 25733?
7
What is the hundreds digit of 6422?
4
What is the tens digit of 21975?
7
What is the hundreds digit of 50619?
6
What is the tens digit of 3270?
7
What is the hundreds digit of 8152?
1
What is the tens digit of 14883?
8
What is the tens digit of 148?
4
What is the units digit of 1220?
0
What is the units digit of 225?
5
What is the units digit of 5756?
6
What is the hundreds digit of 144015?
0
What is the units digit of 8703?
3
What is the units digit of 1573?
3
What is the tens digit of 17094?
9
What is the hundreds digit of 6875?
8
What is the tens digit of 1769?
6
What is the ten thousands digit of 12100?
1
What is the tens digit of 12263?
6
What is the units digit of 36300?
0
What is the tens digit of 282?
8
What is the thousands digit of 12080?
2
What is the units digit of 544?
4
What is the tens digit of 10405?
0
What is the thousands digit of 7636?
7
What is the thousands d